{"id":3886,"date":"2018-01-08T14:08:25","date_gmt":"2018-01-08T13:08:25","guid":{"rendered":"http:\/\/www.aupredulac.eu\/visites-et-festivites\/"},"modified":"2018-06-06T14:38:56","modified_gmt":"2018-06-06T12:38:56","slug":"visites-et-festivites","status":"publish","type":"page","link":"https:\/\/www.aupredulac.eu\/en\/visites-et-festivites\/","title":{"rendered":"Visits and festivities (EN)"},"content":{"rendered":"<p>[vc_row el_class=&#8221;titreHome&#8221;][vc_column][vc_column_text css=&#8221;.vc_custom_1528288734206{margin-bottom: 100px !important;}&#8221; el_class=&#8221;headerActivite&#8221;]<\/p>\n<p style=\"text-align: center;\">THE MATHEYSINE IS CELEBRATING ALL YEAR AND INVITES YOU TO ITS EVENTS.<\/p>\n<p>[\/vc_column_text][\/vc_column][\/vc_row][vc_row content_placement=&#8221;middle&#8221;][vc_column width=&#8221;1\/3&#8243;][vc_single_image image=&#8221;230&#8243; img_size=&#8221;medium&#8221; alignment=&#8221;center&#8221; onclick=&#8221;link_image&#8221;][\/vc_column][vc_column width=&#8221;2\/3&#8243;][vc_column_text el_class=&#8221;texteActivite&#8221;]<\/p>\n<h2 class=\"st-h1\" style=\"text-align: left;\"><a href=\"http:\/\/www.mine-image.com\/fr\/\" target=\"_blank\" rel=\"noopener\">The Image Mine\u00a0<\/a><\/h2>\n<p>Authentic underground mine site where for more than a thousand years, men have extracted the best coal of the world, the anthracite of the Matheysin plateau.[\/vc_column_text][vc_separator color=&#8221;custom&#8221; accent_color=&#8221;#61d007&#8243;][\/vc_column][\/vc_row][vc_row content_placement=&#8221;middle&#8221;][vc_column width=&#8221;1\/3&#8243;][vc_single_image image=&#8221;231&#8243; img_size=&#8221;medium&#8221; alignment=&#8221;center&#8221; onclick=&#8221;link_image&#8221;][\/vc_column][vc_column width=&#8221;2\/3&#8243;][vc_column_text el_class=&#8221;texteActivite&#8221;]<\/p>\n<h2 class=\"st-h1\"><a href=\"http:\/\/musee.matheysine.com\/\" target=\"_blank\" rel=\"noopener\">The Matheysin Museum<\/a><\/h2>\n<p>The history and the authentic heritage of our alpine plateau.[\/vc_column_text][vc_separator color=&#8221;custom&#8221; accent_color=&#8221;#61d007&#8243;][\/vc_column][\/vc_row][vc_row content_placement=&#8221;middle&#8221;][vc_column width=&#8221;1\/3&#8243;][vc_single_image image=&#8221;224&#8243; img_size=&#8221;medium&#8221; alignment=&#8221;center&#8221; onclick=&#8221;link_image&#8221;][\/vc_column][vc_column width=&#8221;2\/3&#8243;][vc_column_text el_class=&#8221;texteActivite&#8221;]<\/p>\n<h2 class=\"st-h1\"><a href=\"http:\/\/www.domaine-vizille.fr\/\" target=\"_blank\" rel=\"noopener\">The Castle of Vizille<\/a><\/h2>\n<p>Pleasure palace of the seventeenth century and its park of breathtaking beauty, cradle of the French Revolution.[\/vc_column_text][vc_separator color=&#8221;custom&#8221; accent_color=&#8221;#61d007&#8243;][\/vc_column][\/vc_row][vc_row content_placement=&#8221;middle&#8221;][vc_column width=&#8221;1\/3&#8243;][vc_single_image image=&#8221;418&#8243; img_size=&#8221;medium&#8221; alignment=&#8221;center&#8221; onclick=&#8221;link_image&#8221;][\/vc_column][vc_column width=&#8221;2\/3&#8243;][vc_column_text el_class=&#8221;texteActivite&#8221;]<\/p>\n<h2 class=\"st-h1\">The Farms<\/h2>\n<p>The plateau is full of farms where you can introduce your children to mountain farms.[\/vc_column_text][vc_separator color=&#8221;custom&#8221; accent_color=&#8221;#61d007&#8243;][\/vc_column][\/vc_row][vc_row content_placement=&#8221;middle&#8221;][vc_column width=&#8221;1\/3&#8243;][vc_single_image image=&#8221;227&#8243; img_size=&#8221;medium&#8221; alignment=&#8221;center&#8221; onclick=&#8221;link_image&#8221;][\/vc_column][vc_column width=&#8221;2\/3&#8243;][vc_column_text el_class=&#8221;texteActivite&#8221;]<\/p>\n<h2 class=\"st-h1\"><a href=\"http:\/\/fetes-revolutionnairesdevizille.com\/\" target=\"_blank\" rel=\"noopener\">Revolutionary festivities of Vizille<\/a><\/h2>\n<p>June 30th and July 1<sup>st<\/sup> are the Revolutionary Celebrations dates of Vizille.[\/vc_column_text][vc_separator color=&#8221;custom&#8221; accent_color=&#8221;#61d007&#8243;][\/vc_column][\/vc_row][vc_row content_placement=&#8221;middle&#8221;][vc_column width=&#8221;1\/3&#8243;][vc_single_image image=&#8221;226&#8243; img_size=&#8221;medium&#8221; alignment=&#8221;center&#8221; onclick=&#8221;link_image&#8221;][\/vc_column][vc_column width=&#8221;2\/3&#8243;][vc_column_text el_class=&#8221;texteActivite&#8221;]<\/p>\n<h2 class=\"st-h1\"><a href=\"http:\/\/www.lesmontagnarts.org\/\" target=\"_blank\" rel=\"noopener\">Montagn\u2019Arts Festival<\/a><\/h2>\n<p>Live rural show of Valbonnais on the 18,19 and 20 of may 2018.[\/vc_column_text][vc_separator color=&#8221;custom&#8221; accent_color=&#8221;#61d007&#8243;][\/vc_column][\/vc_row]<\/p>\n","protected":false},"excerpt":{"rendered":"<p>[vc_row el_class=&#8221;titreHome&#8221;][vc_column][vc_column_text css=&#8221;.vc_custom_1528288734206{margin-bottom: 100px !important;}&#8221; el_class=&#8221;headerActivite&#8221;] THE MATHEYSINE IS CELEBRATING ALL YEAR AND INVITES YOU TO ITS EVENTS. [\/vc_column_text][\/vc_column][\/vc_row][vc_row content_placement=&#8221;middle&#8221;][vc_column width=&#8221;1\/3&#8243;][vc_single_image image=&#8221;230&#8243; img_size=&#8221;medium&#8221; alignment=&#8221;center&#8221; onclick=&#8221;link_image&#8221;][\/vc_column][vc_column width=&#8221;2\/3&#8243;][vc_column_text<span class=\"excerpt-hellip\"> [\u2026]<\/span><\/p>\n","protected":false},"author":1,"featured_media":0,"parent":0,"menu_order":0,"comment_status":"closed","ping_status":"closed","template":"","meta":[],"yoast_head":"<!-- This site is optimized with the Yoast SEO plugin v19.4 - https:\/\/yoast.com\/wordpress\/plugins\/seo\/ -->\n<title>Visites et Festivit\u00e9s - &quot;Au Pr\u00e9 du Lac&quot; - Camping *** \u00e0 Laffrey<\/title>\n<meta name=\"robots\" content=\"index, follow, max-snippet:-1, max-image-preview:large, max-video-preview:-1\" \/>\n<link rel=\"canonical\" href=\"https:\/\/www.aupredulac.eu\/en\/visites-et-festivites\/\" \/>\n<meta property=\"og:locale\" content=\"en_US\" \/>\n<meta property=\"og:type\" content=\"article\" \/>\n<meta property=\"og:title\" content=\"Visites et Festivit\u00e9s - &quot;Au Pr\u00e9 du Lac&quot; - Camping *** \u00e0 Laffrey\" \/>\n<meta property=\"og:description\" content=\"[vc_row el_class=&#8221;titreHome&#8221;][vc_column][vc_column_text css=&#8221;.vc_custom_1528288734206{margin-bottom: 100px !important;}&#8221; el_class=&#8221;headerActivite&#8221;] THE MATHEYSINE IS CELEBRATING ALL YEAR AND INVITES YOU TO ITS EVENTS. [\/vc_column_text][\/vc_column][\/vc_row][vc_row content_placement=&#8221;middle&#8221;][vc_column width=&#8221;1\/3&#8243;][vc_single_image image=&#8221;230&#8243; img_size=&#8221;medium&#8221; alignment=&#8221;center&#8221; onclick=&#8221;link_image&#8221;][\/vc_column][vc_column width=&#8221;2\/3&#8243;][vc_column_text [\u2026]\" \/>\n<meta property=\"og:url\" content=\"https:\/\/www.aupredulac.eu\/en\/visites-et-festivites\/\" \/>\n<meta property=\"og:site_name\" content=\"Au pre du Lac - Camping\" \/>\n<meta property=\"article:modified_time\" content=\"2018-06-06T12:38:56+00:00\" \/>\n<meta name=\"twitter:card\" content=\"summary_large_image\" \/>\n<meta name=\"twitter:label1\" content=\"Est. reading time\" \/>\n\t<meta name=\"twitter:data1\" content=\"2 minutes\" \/>\n<script type=\"application\/ld+json\" class=\"yoast-schema-graph\">{\"@context\":\"https:\/\/schema.org\",\"@graph\":[{\"@type\":\"WebSite\",\"@id\":\"https:\/\/www.aupredulac.eu\/#website\",\"url\":\"https:\/\/www.aupredulac.eu\/\",\"name\":\"Au pre du Lac - Camping\",\"description\":\"\",\"potentialAction\":[{\"@type\":\"SearchAction\",\"target\":{\"@type\":\"EntryPoint\",\"urlTemplate\":\"https:\/\/www.aupredulac.eu\/?s={search_term_string}\"},\"query-input\":\"required name=search_term_string\"}],\"inLanguage\":\"en-US\"},{\"@type\":\"WebPage\",\"@id\":\"https:\/\/www.aupredulac.eu\/en\/visites-et-festivites\/\",\"url\":\"https:\/\/www.aupredulac.eu\/en\/visites-et-festivites\/\",\"name\":\"Visites et Festivit\u00e9s - \\\"Au Pr\u00e9 du Lac\\\" - Camping *** \u00e0 Laffrey\",\"isPartOf\":{\"@id\":\"https:\/\/www.aupredulac.eu\/#website\"},\"datePublished\":\"2018-01-08T13:08:25+00:00\",\"dateModified\":\"2018-06-06T12:38:56+00:00\",\"breadcrumb\":{\"@id\":\"https:\/\/www.aupredulac.eu\/en\/visites-et-festivites\/#breadcrumb\"},\"inLanguage\":\"en-US\",\"potentialAction\":[{\"@type\":\"ReadAction\",\"target\":[\"https:\/\/www.aupredulac.eu\/en\/visites-et-festivites\/\"]}]},{\"@type\":\"BreadcrumbList\",\"@id\":\"https:\/\/www.aupredulac.eu\/en\/visites-et-festivites\/#breadcrumb\",\"itemListElement\":[{\"@type\":\"ListItem\",\"position\":1,\"name\":\"Accueil\",\"item\":\"https:\/\/www.aupredulac.eu\/en\/\"},{\"@type\":\"ListItem\",\"position\":2,\"name\":\"Visits and festivities (EN)\"}]}]}<\/script>\n<!-- \/ Yoast SEO plugin. -->","yoast_head_json":{"title":"Visites et Festivit\u00e9s - \"Au Pr\u00e9 du Lac\" - Camping *** \u00e0 Laffrey","robots":{"index":"index","follow":"follow","max-snippet":"max-snippet:-1","max-image-preview":"max-image-preview:large","max-video-preview":"max-video-preview:-1"},"canonical":"https:\/\/www.aupredulac.eu\/en\/visites-et-festivites\/","og_locale":"en_US","og_type":"article","og_title":"Visites et Festivit\u00e9s - \"Au Pr\u00e9 du Lac\" - Camping *** \u00e0 Laffrey","og_description":"[vc_row el_class=&#8221;titreHome&#8221;][vc_column][vc_column_text css=&#8221;.vc_custom_1528288734206{margin-bottom: 100px !important;}&#8221; el_class=&#8221;headerActivite&#8221;] THE MATHEYSINE IS CELEBRATING ALL YEAR AND INVITES YOU TO ITS EVENTS. [\/vc_column_text][\/vc_column][\/vc_row][vc_row content_placement=&#8221;middle&#8221;][vc_column width=&#8221;1\/3&#8243;][vc_single_image image=&#8221;230&#8243; img_size=&#8221;medium&#8221; alignment=&#8221;center&#8221; onclick=&#8221;link_image&#8221;][\/vc_column][vc_column width=&#8221;2\/3&#8243;][vc_column_text [\u2026]","og_url":"https:\/\/www.aupredulac.eu\/en\/visites-et-festivites\/","og_site_name":"Au pre du Lac - Camping","article_modified_time":"2018-06-06T12:38:56+00:00","twitter_card":"summary_large_image","twitter_misc":{"Est. reading time":"2 minutes"},"schema":{"@context":"https:\/\/schema.org","@graph":[{"@type":"WebSite","@id":"https:\/\/www.aupredulac.eu\/#website","url":"https:\/\/www.aupredulac.eu\/","name":"Au pre du Lac - Camping","description":"","potentialAction":[{"@type":"SearchAction","target":{"@type":"EntryPoint","urlTemplate":"https:\/\/www.aupredulac.eu\/?s={search_term_string}"},"query-input":"required name=search_term_string"}],"inLanguage":"en-US"},{"@type":"WebPage","@id":"https:\/\/www.aupredulac.eu\/en\/visites-et-festivites\/","url":"https:\/\/www.aupredulac.eu\/en\/visites-et-festivites\/","name":"Visites et Festivit\u00e9s - \"Au Pr\u00e9 du Lac\" - Camping *** \u00e0 Laffrey","isPartOf":{"@id":"https:\/\/www.aupredulac.eu\/#website"},"datePublished":"2018-01-08T13:08:25+00:00","dateModified":"2018-06-06T12:38:56+00:00","breadcrumb":{"@id":"https:\/\/www.aupredulac.eu\/en\/visites-et-festivites\/#breadcrumb"},"inLanguage":"en-US","potentialAction":[{"@type":"ReadAction","target":["https:\/\/www.aupredulac.eu\/en\/visites-et-festivites\/"]}]},{"@type":"BreadcrumbList","@id":"https:\/\/www.aupredulac.eu\/en\/visites-et-festivites\/#breadcrumb","itemListElement":[{"@type":"ListItem","position":1,"name":"Accueil","item":"https:\/\/www.aupredulac.eu\/en\/"},{"@type":"ListItem","position":2,"name":"Visits and festivities (EN)"}]}]}},"_links":{"self":[{"href":"https:\/\/www.aupredulac.eu\/en\/wp-json\/wp\/v2\/pages\/3886"}],"collection":[{"href":"https:\/\/www.aupredulac.eu\/en\/wp-json\/wp\/v2\/pages"}],"about":[{"href":"https:\/\/www.aupredulac.eu\/en\/wp-json\/wp\/v2\/types\/page"}],"author":[{"embeddable":true,"href":"https:\/\/www.aupredulac.eu\/en\/wp-json\/wp\/v2\/users\/1"}],"replies":[{"embeddable":true,"href":"https:\/\/www.aupredulac.eu\/en\/wp-json\/wp\/v2\/comments?post=3886"}],"version-history":[{"count":3,"href":"https:\/\/www.aupredulac.eu\/en\/wp-json\/wp\/v2\/pages\/3886\/revisions"}],"predecessor-version":[{"id":4379,"href":"https:\/\/www.aupredulac.eu\/en\/wp-json\/wp\/v2\/pages\/3886\/revisions\/4379"}],"wp:attachment":[{"href":"https:\/\/www.aupredulac.eu\/en\/wp-json\/wp\/v2\/media?parent=3886"}],"curies":[{"name":"wp","href":"https:\/\/api.w.org\/{rel}","templated":true}]}}

<!-- This site is optimized with the Yoast SEO plugin v19.4 - https://yoast.com/wordpress/plugins/seo/ -->
<title>Visites et Festivités - &quot;Au Pré du Lac&quot; - Camping *** à Laffrey</title>
<meta name="robots" content="index, follow, max-snippet:-1, max-image-preview:large, max-video-preview:-1" />
<link rel="canonical" href="https://www.aupredulac.eu/en/visites-et-festivites/" />
<meta property="og:locale" content="en_US" />
<meta property="og:type" content="article" />
<meta property="og:title" content="Visites et Festivités - &quot;Au Pré du Lac&quot; - Camping *** à Laffrey" />
<meta property="og:description" content="[vc_row el_class=&#8221;titreHome&#8221;][vc_column][vc_column_text css=&#8221;.vc_custom_1528288734206{margin-bottom: 100px !important;}&#8221; el_class=&#8221;headerActivite&#8221;] THE MATHEYSINE IS CELEBRATING ALL YEAR AND INVITES YOU TO ITS EVENTS. [/vc_column_text][/vc_column][/vc_row][vc_row content_placement=&#8221;middle&#8221;][vc_column width=&#8221;1/3&#8243;][vc_single_image image=&#8221;230&#8243; img_size=&#8221;medium&#8221; alignment=&#8221;center&#8221; onclick=&#8221;link_image&#8221;][/vc_column][vc_column width=&#8221;2/3&#8243;][vc_column_text […]" />
<meta property="og:url" content="https://www.aupredulac.eu/en/visites-et-festivites/" />
<meta property="og:site_name" content="Au pre du Lac - Camping" />
<meta property="article:modified_time" content="2018-06-06T12:38:56+00:00" />
<meta name="twitter:card" content="summary_large_image" />
<meta name="twitter:label1" content="Est. reading time" />
	<meta name="twitter:data1" content="2 minutes" />
<script type="application/ld+json" class="yoast-schema-graph">{"@context":"https://schema.org","@graph":[{"@type":"WebSite","@id":"https://www.aupredulac.eu/#website","url":"https://www.aupredulac.eu/","name":"Au pre du Lac - Camping","description":"","potentialAction":[{"@type":"SearchAction","target":{"@type":"EntryPoint","urlTemplate":"https://www.aupredulac.eu/?s={search_term_string}"},"query-input":"required name=search_term_string"}],"inLanguage":"en-US"},{"@type":"WebPage","@id":"https://www.aupredulac.eu/en/visites-et-festivites/","url":"https://www.aupredulac.eu/en/visites-et-festivites/","name":"Visites et Festivités - \"Au Pré du Lac\" - Camping *** à Laffrey","isPartOf":{"@id":"https://www.aupredulac.eu/#website"},"datePublished":"2018-01-08T13:08:25+00:00","dateModified":"2018-06-06T12:38:56+00:00","breadcrumb":{"@id":"https://www.aupredulac.eu/en/visites-et-festivites/#breadcrumb"},"inLanguage":"en-US","potentialAction":[{"@type":"ReadAction","target":["https://www.aupredulac.eu/en/visites-et-festivites/"]}]},{"@type":"BreadcrumbList","@id":"https://www.aupredulac.eu/en/visites-et-festivites/#breadcrumb","itemListElement":[{"@type":"ListItem","position":1,"name":"Accueil","item":"https://www.aupredulac.eu/en/"},{"@type":"ListItem","position":2,"name":"Visits and festivities (EN)"}]}]}</script>
<!-- / Yoast SEO plugin. -->

Visites et Festivités - "Au Pré du Lac" - Camping *** à Laffrey
